{"id":28,"date":"2023-09-16T10:04:53","date_gmt":"2023-09-16T10:04:53","guid":{"rendered":"https:\/\/xn--jubilum-9wa.armbrust-ettiswil.ch\/?page_id=28"},"modified":"2023-12-15T16:47:55","modified_gmt":"2023-12-15T16:47:55","slug":"sponsoren","status":"publish","type":"page","link":"https:\/\/xn--jubilum-9wa.armbrust-ettiswil.ch\/index.php\/sponsoren\/","title":{"rendered":"Sponsoren"},"content":{"rendered":"\n<p>Herzlichen Dank an all unsere Sponsoren, welche uns erm\u00f6glichen das Jubil\u00e4umsschiessen durchzuf\u00fchren.<\/p>\n\n\n\n<figure class=\"wp-block-table alignwide\"><table><thead><tr><th>Sponsor<\/th><th>Ort<\/th><\/tr><\/thead><tbody><tr><td>Arnet Gartenbau AG<\/td><td>Ettiswil<\/td><\/tr><tr><td>B\u00e4ttig Transporte AG<\/td><td>Kottwil<\/td><\/tr><tr><td>Brandschutz Ettiswil AG<\/td><td>Ettiswil<\/td><\/tr><tr><td>Ch\u00e4s Ch\u00e4ller<\/td><td>Willisau<\/td><\/tr><tr><td>Die Mobiliar Versicherungsgesellschaft<\/td><td>Willisau<\/td><\/tr><tr><td>Elektro Getzmann<\/td><td>Ettiswil<\/td><\/tr><tr><td>Fribat Elektrowicklerei AG<\/td><td>Sch\u00f6tz<\/td><\/tr><tr><td>FT Architektur AG<\/td><td>Ettiswil<\/td><\/tr><tr><td>Gebr. W\u00fcest AG Schreinerei<\/td><td>Ettiswil<\/td><\/tr><tr><td>Gemeinde Ettiswil<\/td><td>Ettiswil<\/td><\/tr><tr><td>GO-IN Sportshop<\/td><td>Sursee<\/td><\/tr><tr><td>Hofstetter Baumaschinen AG<\/td><td>Ettiswil<\/td><\/tr><tr><td>Kurmann Maler AG<\/td><td>Ettiwil<\/td><\/tr><tr><td>Kurt Ziswiler Getr\u00e4nke<\/td><td>Ettiswil<\/td><\/tr><tr><td>Leu &amp; Helfenstein AG<\/td><td>St. Erhard<\/td><\/tr><tr><td>Magenbrot-Profi AG<\/td><td>Altb\u00fcron<\/td><\/tr><tr><td>Markus Gut GmbH Kundenzimmerei<\/td><td>Ettiswil<\/td><\/tr><tr><td>Meyer Walter Landtechnik<\/td><td>Ettiswil<\/td><\/tr><tr><td>Park Optik AG<\/td><td>Sursee<\/td><\/tr><tr><td>Raiffeisenbank<\/td><td>Ettiswil<\/td><\/tr><tr><td>SABAG Luzern AG<\/td><td>Rothenburg<\/td><\/tr><tr><td>Schwegler Geb\u00e4udetechnik<\/td><td>Ettiswil<\/td><\/tr><tr><td>Sport Rock Caf\u00e9<\/td><td>Willisau<\/td><\/tr><tr><td>Sternen Restaurant &amp; Catering<\/td><td>Willisau<\/td><\/tr><tr><td>Swissray Technologies AG<\/td><td>Hochdorf<\/td><\/tr><tr><td>Truttmann Schiess- und Sportbekleidung<\/td><td>Kriens<\/td><\/tr><tr><td>Vaudoise Versicherungen<\/td><td>Sursee<\/td><\/tr><tr><td>Volg Detailhandels AG<\/td><td>Ettiswil<\/td><\/tr><tr><td>Vonwyl Fleisch GmbH<\/td><td>Ettiswil<\/td><\/tr><tr><td>Walter Felber Automobile<\/td><td>Ettiswil<\/td><\/tr><tr><td>Winzeler Armbrustbau GmbH<\/td><td>Z\u00fcrich<\/td><\/tr><tr><td>Zwimpfer-Platten AG<\/td><td>Sursee<\/td><\/tr><\/tbody><\/table><figcaption class=\"wp-element-caption\">Alphabetische Auflistung aller Sponsoren des Jubil\u00e4umschiessen<\/figcaption><\/figure>\n","protected":false},"excerpt":{"rendered":"<p>Herzlichen Dank an all unsere Sponsoren, welche uns erm\u00f6glichen das Jubil\u00e4umsschiessen durchzuf\u00fchren. Sponsor Ort Arnet Gartenbau AG Ettiswil B\u00e4ttig Transporte AG Kottwil Brandschutz Ettiswil AG Ettiswil Ch\u00e4s Ch\u00e4ller Willisau Die Mobiliar Versicherungsgesellschaft Willisau Elektro Getzmann Ettiswil Fribat Elektrowicklerei AG Sch\u00f6tz FT Architektur AG Ettiswil Gebr. W\u00fcest AG Schreinerei Ettiswil Gemeinde Ettiswil Ettiswil GO-IN Sportshop Sursee [&hellip;]<\/p>\n","protected":false},"author":1,"featured_media":0,"parent":0,"menu_order":0,"comment_status":"closed","ping_status":"closed","template":"","meta":{"footnotes":""},"class_list":["post-28","page","type-page","status-publish","hentry"],"yoast_head":"<!-- This site is optimized with the Yoast SEO plugin v21.1 - https:\/\/yoast.com\/wordpress\/plugins\/seo\/ -->\n<title>Sponsoren - 60 Jahre Armbrustsch\u00fctzen Brestenegg-Ettiswil<\/title>\n<meta name=\"robots\" content=\"index, follow, max-snippet:-1, max-image-preview:large, max-video-preview:-1\" \/>\n<link rel=\"canonical\" href=\"https:\/\/xn--jubilum-9wa.armbrust-ettiswil.ch\/index.php\/sponsoren\/\" \/>\n<meta property=\"og:locale\" content=\"de_DE\" \/>\n<meta property=\"og:type\" content=\"article\" \/>\n<meta property=\"og:title\" content=\"Sponsoren - 60 Jahre Armbrustsch\u00fctzen Brestenegg-Ettiswil\" \/>\n<meta property=\"og:description\" content=\"Herzlichen Dank an all unsere Sponsoren, welche uns erm\u00f6glichen das Jubil\u00e4umsschiessen durchzuf\u00fchren. Sponsor Ort Arnet Gartenbau AG Ettiswil B\u00e4ttig Transporte AG Kottwil Brandschutz Ettiswil AG Ettiswil Ch\u00e4s Ch\u00e4ller Willisau Die Mobiliar Versicherungsgesellschaft Willisau Elektro Getzmann Ettiswil Fribat Elektrowicklerei AG Sch\u00f6tz FT Architektur AG Ettiswil Gebr. W\u00fcest AG Schreinerei Ettiswil Gemeinde Ettiswil Ettiswil GO-IN Sportshop Sursee [&hellip;]\" \/>\n<meta property=\"og:url\" content=\"https:\/\/xn--jubilum-9wa.armbrust-ettiswil.ch\/index.php\/sponsoren\/\" \/>\n<meta property=\"og:site_name\" content=\"60 Jahre Armbrustsch\u00fctzen Brestenegg-Ettiswil\" \/>\n<meta property=\"article:modified_time\" content=\"2023-12-15T16:47:55+00:00\" \/>\n<meta name=\"twitter:card\" content=\"summary_large_image\" \/>\n<meta name=\"twitter:label1\" content=\"Gesch\u00e4tzte Lesezeit\" \/>\n\t<meta name=\"twitter:data1\" content=\"1\u00a0Minute\" \/>\n<script type=\"application\/ld+json\" class=\"yoast-schema-graph\">{\"@context\":\"https:\/\/schema.org\",\"@graph\":[{\"@type\":\"WebPage\",\"@id\":\"https:\/\/xn--jubilum-9wa.armbrust-ettiswil.ch\/index.php\/sponsoren\/\",\"url\":\"https:\/\/xn--jubilum-9wa.armbrust-ettiswil.ch\/index.php\/sponsoren\/\",\"name\":\"Sponsoren - 60 Jahre Armbrustsch\u00fctzen Brestenegg-Ettiswil\",\"isPartOf\":{\"@id\":\"https:\/\/xn--jubilum-9wa.armbrust-ettiswil.ch\/#website\"},\"datePublished\":\"2023-09-16T10:04:53+00:00\",\"dateModified\":\"2023-12-15T16:47:55+00:00\",\"breadcrumb\":{\"@id\":\"https:\/\/xn--jubilum-9wa.armbrust-ettiswil.ch\/index.php\/sponsoren\/#breadcrumb\"},\"inLanguage\":\"de\",\"potentialAction\":[{\"@type\":\"ReadAction\",\"target\":[\"https:\/\/xn--jubilum-9wa.armbrust-ettiswil.ch\/index.php\/sponsoren\/\"]}]},{\"@type\":\"BreadcrumbList\",\"@id\":\"https:\/\/xn--jubilum-9wa.armbrust-ettiswil.ch\/index.php\/sponsoren\/#breadcrumb\",\"itemListElement\":[{\"@type\":\"ListItem\",\"position\":1,\"name\":\"Startseite\",\"item\":\"https:\/\/xn--jubilum-9wa.armbrust-ettiswil.ch\/\"},{\"@type\":\"ListItem\",\"position\":2,\"name\":\"Sponsoren\"}]},{\"@type\":\"WebSite\",\"@id\":\"https:\/\/xn--jubilum-9wa.armbrust-ettiswil.ch\/#website\",\"url\":\"https:\/\/xn--jubilum-9wa.armbrust-ettiswil.ch\/\",\"name\":\"Jubil\u00e4umsschiessen 60 Jahre\",\"description\":\"\",\"publisher\":{\"@id\":\"https:\/\/xn--jubilum-9wa.armbrust-ettiswil.ch\/#organization\"},\"potentialAction\":[{\"@type\":\"SearchAction\",\"target\":{\"@type\":\"EntryPoint\",\"urlTemplate\":\"https:\/\/xn--jubilum-9wa.armbrust-ettiswil.ch\/?s={search_term_string}\"},\"query-input\":\"required name=search_term_string\"}],\"inLanguage\":\"de\"},{\"@type\":\"Organization\",\"@id\":\"https:\/\/xn--jubilum-9wa.armbrust-ettiswil.ch\/#organization\",\"name\":\"Armbrustsch\u00fctzen Brestenegg-Ettiswil\",\"url\":\"https:\/\/xn--jubilum-9wa.armbrust-ettiswil.ch\/\",\"logo\":{\"@type\":\"ImageObject\",\"inLanguage\":\"de\",\"@id\":\"https:\/\/xn--jubilum-9wa.armbrust-ettiswil.ch\/#\/schema\/logo\/image\/\",\"url\":\"https:\/\/xn--jubilum-9wa.armbrust-ettiswil.ch\/wp-content\/uploads\/2023\/09\/Logo-v5.png\",\"contentUrl\":\"https:\/\/xn--jubilum-9wa.armbrust-ettiswil.ch\/wp-content\/uploads\/2023\/09\/Logo-v5.png\",\"width\":4000,\"height\":2812,\"caption\":\"Armbrustsch\u00fctzen Brestenegg-Ettiswil\"},\"image\":{\"@id\":\"https:\/\/xn--jubilum-9wa.armbrust-ettiswil.ch\/#\/schema\/logo\/image\/\"}}]}<\/script>\n<!-- \/ Yoast SEO plugin. -->","yoast_head_json":{"title":"Sponsoren - 60 Jahre Armbrustsch\u00fctzen Brestenegg-Ettiswil","robots":{"index":"index","follow":"follow","max-snippet":"max-snippet:-1","max-image-preview":"max-image-preview:large","max-video-preview":"max-video-preview:-1"},"canonical":"https:\/\/xn--jubilum-9wa.armbrust-ettiswil.ch\/index.php\/sponsoren\/","og_locale":"de_DE","og_type":"article","og_title":"Sponsoren - 60 Jahre Armbrustsch\u00fctzen Brestenegg-Ettiswil","og_description":"Herzlichen Dank an all unsere Sponsoren, welche uns erm\u00f6glichen das Jubil\u00e4umsschiessen durchzuf\u00fchren. Sponsor Ort Arnet Gartenbau AG Ettiswil B\u00e4ttig Transporte AG Kottwil Brandschutz Ettiswil AG Ettiswil Ch\u00e4s Ch\u00e4ller Willisau Die Mobiliar Versicherungsgesellschaft Willisau Elektro Getzmann Ettiswil Fribat Elektrowicklerei AG Sch\u00f6tz FT Architektur AG Ettiswil Gebr. W\u00fcest AG Schreinerei Ettiswil Gemeinde Ettiswil Ettiswil GO-IN Sportshop Sursee [&hellip;]","og_url":"https:\/\/xn--jubilum-9wa.armbrust-ettiswil.ch\/index.php\/sponsoren\/","og_site_name":"60 Jahre Armbrustsch\u00fctzen Brestenegg-Ettiswil","article_modified_time":"2023-12-15T16:47:55+00:00","twitter_card":"summary_large_image","twitter_misc":{"Gesch\u00e4tzte Lesezeit":"1\u00a0Minute"},"schema":{"@context":"https:\/\/schema.org","@graph":[{"@type":"WebPage","@id":"https:\/\/xn--jubilum-9wa.armbrust-ettiswil.ch\/index.php\/sponsoren\/","url":"https:\/\/xn--jubilum-9wa.armbrust-ettiswil.ch\/index.php\/sponsoren\/","name":"Sponsoren - 60 Jahre Armbrustsch\u00fctzen Brestenegg-Ettiswil","isPartOf":{"@id":"https:\/\/xn--jubilum-9wa.armbrust-ettiswil.ch\/#website"},"datePublished":"2023-09-16T10:04:53+00:00","dateModified":"2023-12-15T16:47:55+00:00","breadcrumb":{"@id":"https:\/\/xn--jubilum-9wa.armbrust-ettiswil.ch\/index.php\/sponsoren\/#breadcrumb"},"inLanguage":"de","potentialAction":[{"@type":"ReadAction","target":["https:\/\/xn--jubilum-9wa.armbrust-ettiswil.ch\/index.php\/sponsoren\/"]}]},{"@type":"BreadcrumbList","@id":"https:\/\/xn--jubilum-9wa.armbrust-ettiswil.ch\/index.php\/sponsoren\/#breadcrumb","itemListElement":[{"@type":"ListItem","position":1,"name":"Startseite","item":"https:\/\/xn--jubilum-9wa.armbrust-ettiswil.ch\/"},{"@type":"ListItem","position":2,"name":"Sponsoren"}]},{"@type":"WebSite","@id":"https:\/\/xn--jubilum-9wa.armbrust-ettiswil.ch\/#website","url":"https:\/\/xn--jubilum-9wa.armbrust-ettiswil.ch\/","name":"Jubil\u00e4umsschiessen 60 Jahre","description":"","publisher":{"@id":"https:\/\/xn--jubilum-9wa.armbrust-ettiswil.ch\/#organization"},"potentialAction":[{"@type":"SearchAction","target":{"@type":"EntryPoint","urlTemplate":"https:\/\/xn--jubilum-9wa.armbrust-ettiswil.ch\/?s={search_term_string}"},"query-input":"required name=search_term_string"}],"inLanguage":"de"},{"@type":"Organization","@id":"https:\/\/xn--jubilum-9wa.armbrust-ettiswil.ch\/#organization","name":"Armbrustsch\u00fctzen Brestenegg-Ettiswil","url":"https:\/\/xn--jubilum-9wa.armbrust-ettiswil.ch\/","logo":{"@type":"ImageObject","inLanguage":"de","@id":"https:\/\/xn--jubilum-9wa.armbrust-ettiswil.ch\/#\/schema\/logo\/image\/","url":"https:\/\/xn--jubilum-9wa.armbrust-ettiswil.ch\/wp-content\/uploads\/2023\/09\/Logo-v5.png","contentUrl":"https:\/\/xn--jubilum-9wa.armbrust-ettiswil.ch\/wp-content\/uploads\/2023\/09\/Logo-v5.png","width":4000,"height":2812,"caption":"Armbrustsch\u00fctzen Brestenegg-Ettiswil"},"image":{"@id":"https:\/\/xn--jubilum-9wa.armbrust-ettiswil.ch\/#\/schema\/logo\/image\/"}}]}},"_links":{"self":[{"href":"https:\/\/xn--jubilum-9wa.armbrust-ettiswil.ch\/index.php\/wp-json\/wp\/v2\/pages\/28","targetHints":{"allow":["GET"]}}],"collection":[{"href":"https:\/\/xn--jubilum-9wa.armbrust-ettiswil.ch\/index.php\/wp-json\/wp\/v2\/pages"}],"about":[{"href":"https:\/\/xn--jubilum-9wa.armbrust-ettiswil.ch\/index.php\/wp-json\/wp\/v2\/types\/page"}],"author":[{"embeddable":true,"href":"https:\/\/xn--jubilum-9wa.armbrust-ettiswil.ch\/index.php\/wp-json\/wp\/v2\/users\/1"}],"replies":[{"embeddable":true,"href":"https:\/\/xn--jubilum-9wa.armbrust-ettiswil.ch\/index.php\/wp-json\/wp\/v2\/comments?post=28"}],"version-history":[{"count":4,"href":"https:\/\/xn--jubilum-9wa.armbrust-ettiswil.ch\/index.php\/wp-json\/wp\/v2\/pages\/28\/revisions"}],"predecessor-version":[{"id":99,"href":"https:\/\/xn--jubilum-9wa.armbrust-ettiswil.ch\/index.php\/wp-json\/wp\/v2\/pages\/28\/revisions\/99"}],"wp:attachment":[{"href":"https:\/\/xn--jubilum-9wa.armbrust-ettiswil.ch\/index.php\/wp-json\/wp\/v2\/media?parent=28"}],"curies":[{"name":"wp","href":"https:\/\/api.w.org\/{rel}","templated":true}]}}